m - 10. Determine a(q).
-4
Let q(y) = -y**2 - 7*y - 3. Let o be q(-6). Let l(w) be the first derivative of 2/3*w**3 + o*w - 5/2*w**2 - 2. Give l(3).
6
Let j(f) = -f**3 + 4*f**2 - 4*f + 4. Let p be (20/(-10))/(6/(-9)). Give j(p).
1
Let h be 0 - (-1 + 1)/1. Let u(n) = 0 + 2 - n**3 + h*n - 2*n**2 + 2*n - 1. Determine u(-2).
-3
Let m(o) be the first derivative of -o**3/2 - o**2 - 7*o - 11. Let n(t) be the first derivative of m(t). Let z be 2/3 + (-16)/6. What is n(z)?
4
Let l(d) = -23 + 9 + d + 2. Calculate l(12).
0
Suppose -5*m + 15 = -2*m. Let d(k) be the second derivative of k**4/12 - 7*k**3/6 + 7*k**2/2 - 70*k. What is d(m)?
-3
Let n(x) = -4 - 4*x + x**2 + 4 + 2. Determine n(3).
-1
Let r(u) = 4*u**3 + 2*u**2 - 2*u - 2. Let s(x) = x**3 - x**2 - x - 1. Let h(t) = r(t) - 3*s(t). Suppose c + 6 = -n, -2*n = -3*n - 1. What is h(c)?
-4
Let t(d) = -13*d + 25. Let k(x) = -6*x + 13. Let r(q) = 7*k(q) - 3*t(q). Let y(g) = 4*g - 1 - 10 - 2*g. Let o(a) = 5*r(a) + 7*y(a). What is o(0)?
3
Suppose -29 = -7*x + 2*x + v, 5*v + 20 = 0. Suppose -10 = -5*h + x. Let z(a) = 4*a - 2. Let b(l) = -l + 1. Let c(d) = 10*b(d) + 3*z(d). What is c(h)?
10
Let s be (-1)/(-4) + 754/(-104). Let t(l) = l**2 + 11*l + 9. Determine t(s).
-19
Let d(b) = -3*b**2 + 2*b + 2. Let g(u) = -u**2 + u + 1. Let h(y) = 4*d(y) - 9*g(y). Determine h(2).
-15
Let a(u) be the second derivative of -u**4/12 + 5*u**3/6 + u**2 + 33*u. Calculate a(6).
-4
Let a = 190 - 185. Let b(n) = 6*n - 6. What is b(a)?
24
Let i(x) = 24*x**2 + 1 - 43*x**2 + 18*x**2 + x. Let n be (-1)/((1 - -1) + -1). Calculate i(n).
-1
Let m = -85 + 78. Let k(z) = z + 1. What is k(m)?
-6
Let x be (-2)/(-6)*3*-6. Let q(v) = -2*v - 1. Let y(k) = -k. Let z(t) = x*y(t) + q(t). Calculate z(1).
3
Let l(c) = -8*c + 2. Let x = 6 - 4. Give l(x).
-14
Let n(b) = -2*b**3 + b**2 + 3*b - 1. Let g(v) be the second derivative of v**5/20 - v**3/6 - v**2/2 + 2*v. Let z(t) = 3*g(t) + n(t). Determine z(0).
-4
Let a(r) = r**2 + 3*r + 1. Let u be (-46)/(-14) - 4/14. Let s = u - 8. Calculate a(s).
11
Let z(j) = j**2 + 5*j - 7. Suppose -d + 11 = -2*d - 5*o, -3 = 5*d - o. Let c be -9 - d - (-1 - 1). Give z(c).
-1
Let x(m) = m. Let a(s) be the second derivative of s**3/3 + 5*s**2/2 - 2*s. Let n(c) = a(c) - x(c). Determine n(-4).
1
Let i be (-4)/(12/9) + 1. Let r be (0 - -26)*(-1)/i. Suppose 2*d - d = 4*b - 13, 0 = -3*d - b + r. Let p(o) = o - 3. Determine p(d).
0
Let i(p) = -2*p**2 - p - 1. Let x(n) = 3*n**2 + 2*n + 1. Let s(v) = -5*i(v) - 4*x(v). Let h(m) be the first derivative of s(m). Calculate h(-2).
5
Let q(g) = -g**3 + 7*g**2 - 2*g + 1. Let f be q(7). Let u = -5 - f. Let d(r) = r - u + 0 + 0*r. Give d(0).
-8
Let t(j) = -j**2 - 4*j - 2. Let d be t(-3). Let z(p) = 0 - 2*p + 3*p - d - 3. What is z(5)?
1
Let c be 3 - (0 + -6)/3. Suppose c*o - o - 8 = 0. Suppose 2*m = -0 + o. Let k(v) = -v. Determine k(m).
-1
Let i(z) = -z - 9 + 4 + 2. Let t(o) = o**3 - 6*o**2 + 6*o. Let g be t(5). Give i(g).
-8
Let t(x) = -x - 2. Suppose 0*n + 10 = n - 3*r, 5*r = -20. Give t(n).
0
Let g(k) = -k**2 + 5*k + 3. Let m be g(5). Suppose -5*d + 22 = -8. Let w(l) = 3*l - 4*l**2 - 2 + 4 + d*l**2 - l**3. Determine w(m).
2
Suppose -k + 1 = -0*k. Let p(i) = 2*i - 3 + k + 0. Suppose 0 = 2*g - g - 2. Determine p(g).
2
Let o(q) be the first derivative of q**2/2 - 4*q + 1. What is o(5)?
1
Let n(p) = p**3 + 5*p**2 + 2*p + 6. Let x(d) = d**3 + 5*d**2 + 2*d + 5. Let g(s) = 4*n(s) - 5*x(s). Give g(-4).
-9
Let y(p) be the second derivative of 1/12*p**4 + 7*p - 1/2*p**2 - 1/2*p**3 + 0. What is y(3)?
-1
Let u = -1 + -3. Let m(g) = -5*g**3 - 9*g**2 + 6*g + 2. Let d(r) = -r + r**2 - r**2 + r**3 + 1 + r**2. Let v(y) = u*d(y) - m(y). Determine v(-5).
4
Let g(j) = -4*j**2 + 2*j + 2. Let v(s) = 4*s**2 - 3*s - 3. Let a(q) = -4*g(q) - 3*v(q). Let u(k) = k**3 + 6*k**2 + k + 5. Let y be u(-6). What is a(y)?
4
Let y = 8 - 4. Let x(c) be the second derivative of 0*c**2 + 0 - 1/3*c**3 + c. Calculate x(y).
-8
Suppose 0 = -0*b + 5*b - 10. Let t(f) = 2*f**2 + 4*f**b + 19 + f**3 - 20. Determine t(-6).
-1
Let w(s) be the third derivative of s**4/24 + 7*s**3/6 + 3*s**2. Suppose -4*q - 23 = 9. Calculate w(q).
-1
Let j(l) = -6*l + 10. Let n(u) = u. Let b(v) = -j(v) - 3*n(v). Determine b(7).
11
Let y(r) = 5*r - r**3 - 2 - 8*r - 4*r**2 + 0*r. Give y(-4).
10
Let c(g) be the third derivative of -g**4/24 - 5*g**3/3 - 8*g**2 + 1. Let o(a) = -2*a**2 + 3*a + 4. Let p be o(3). Determine c(p).
-5
Let o(n) = -7*n**3 + n. Let v be o(1). Let p(z) = -z - 10. Give p(v).
-4
Let i(y) be the second derivative of -7*y**3/6 - y**2/2 - 11*y. Calculate i(-1).
6
Suppose f - 4*f = -9. Suppose 4*h + 4 = -0*h + 4*s, 25 = -4*h - f*s. Let o(y) be the first derivative of y**4/4 + 4*y**3/3 + 4*y - 2. Give o(h).
4
Let s(k) = 2*k**3 + 4*k**2 + 4*k + 15. Let r(m) = 3*m**3 + 7*m**2 + 7*m + 30. Let h(a) = -3*r(a) + 5*s(a). Calculate h(0).
-15
Let t = 8 - 6. Let v(r) = 1 - 5*r + 0*r**2 + 2*r - 2*r**t. What is v(-3)?
-8
Let y(n) be the first derivative of -n**2 + 1/3*n**3 + n**4 + n + 5. Calculate y(1).
4
Let o(y) = -y**2 - y. Let d be o(-2). Let m be -1 + d - 0 - 1. Let p(u) = -u - 9. Determine p(m).
-5
Let i be 49/(-28) - (-2)/(-8) - -1. Let v(r) be the second derivative of -1/2*r**2 + 5/6*r**3 - 2*r + 0. What is v(i)?
-6
Let f(b) = 5*b. Suppose 2*x - 4*s = 5*x - 29, 10 = 5*x - s. Determine f(x).
15
Let d(g) = 2*g + 1. Suppose 0 = 4*j - 2*w - 6, 3*j + 10 = -2*j - w. Let y be (j/(-4))/((-2)/8). What is d(y)?
-1
Let i(g) = g - 7. Suppose n - 4*m + 16 = 4*n, 2*n = -4*m + 8. Suppose -5*o + 27 = -y, -n = y + 3*y. Calculate i(o).
-2
Let g(b) = b + 4. Let q(r) = -r**2 - r. Let v be q(2). Let i(m) = m + 3. Let f be i(v). Calculate g(f).
1
Let l(n) = -n**3 - 4*n**2 + 5*n + 5. Let k(a) = 2*a + 2. Let i be k(-5). Let j(r) = r + 3. Let q be j(i). Determine l(q).
5
Let x = 5 + 0. Let d(g) = g - 8. Let t be d(x). Let h(c) = -c**3 - 2*c**2 + 2*c + 1. What is h(t)?
4
Let u(g) = g - 1. Let o be u(4). Let f(n) = 2*n + 1 + 2*n**3 - 4 + 3*n**3 - 6*n**o + n**2. Calculate f(2).
-3
Suppose 3*w - 6 = 3. Let a(v) = -2*v**2 + 3*v - 1. Determine a(w).
-10
Let u(o) = o**2 + 11*o + 10. Let i(g) = -g**2 - 10*g - 9. Let w(h) = 3*i(h) + 2*u(h). Give w(-6).
5
Let g(v) = 2*v**3 + 2*v**2 + v. Let c = 15 - 16. Determine g(c).
-1
Suppose 1 + 2 = -d. Let l(q) = q**2 + 5*q - 3. Let p(v) = -v**2 - 5*v + 4. Let u = 14 - 9. Let j(w) = u*p(w) + 6*l(w). Give j(d).
-4
Let l(p) = -7*p - 13. Let s(m) = -1. Let r(u) = -u + 1. Let o(c) = 2*r(c) + 5*s(c). Let k(b) = 2*l(b) - 9*o(b). What is k(2)?
9
Let f(k) = 7*k**2 + 2*k - 1. Let p = 13 + -12. Calculate f(p).
8
Let n(s) be the second derivative of -s**4/12 - s**3/2 - s**2 - 6*s. Determine n(-5).
-12
Let i(z) = -z - 5. Let w be i(-5). Let q(y) be the second derivative of y**2/2 + 6*y. Let b(o) = -o**3 - o**2 + 5. Let k(h) = b(h) + q(h). What is k(w)?
6
Let f(r) = -3*r + 15. Let k(x) = -7*x + 31. Suppose 3*v + 5*z = 5 + 1, v - 2 = z. Let g(q) = v*k(q) - 5*f(q). Give g(0).
-13
Let t(p) = -p**3 - 2*p**2 + 3*p + 6 - 9 + 7. Calculate t(-3).
4
Let s = -24 - -16. Let f = 13 + s. Let v(z) = 13*z**3 - 10*z**2 + 9*z + 7. Let i(u) = 7*u**3 - 5*u**2 + 5*u + 4. Let g(j) = 11*i(j) - 6*v(j). Calculate g(f).
7
Suppose 6*a - 2*a - 24 = 0. Let d(i) = 11*i + 3. Let j(s) = 5*s + 1. Let n(y) = 4*d(y) - 9*j(y). Give n(a).
-3
Let o(r) = -r**3 + 2*r**2 - r. Let q be o(1). Suppose 3*g - z - 15 = q, -z + 15 = g + 2*g. Let w(v) = -4*v + 0*v + 0*v + v**2 - 1. Calculate w(g).
4
Suppose -5 = -2*o - 1. Let l(p) = -3*p - 1 - o*p + 3*p. Let u be (-12)/(-15)*(-5 - 0). Give l(u).
7
Let d = -2 + 3. Let v = d - 0. Let h(c) be the second derivative of -c**3/6 - 3*c. Calculate h(v).
-1
Let q(o) be the third derivative of -13*o**8/20160 - o**7/5040 + o**6/720 - o**5/60 - 6*o**2. Let l(y) be the third derivative of q(y). Calculate l(1).
-13
Let h(j) = -2*j + 4. Let n = -39 - -46. Give h(n).
-10
Let c be ((-4)/8)/(1/(-4)). Let a(r) = -2*r**3 - r**2 - r**3 - 2*r**c + r + r**2. Calculate a(1).
-4
Let o(n) be the second derivative of -n**4/12 - 4*n**3/3 + 2*n**2 + 35*n. What is o(-6)?
16
Let t(j) = -2 + 4*j - 5*j - 5*j + j**2 + j. Let s = 14 + -10. Give t(s).
-6
Let d = -5 + 10. Let b = 5 - d. Let a(i) = -i + 6. What is a(b)?
6
Let q(n) be the second derivative of n**4/12 - n**3/6 - 2*n**